655
In base 16, what is -7 + -2ae607?
-2ae60e
In base 5, what is 3102013232311 - -2?
3102013232313
In base 9, what is 127265 + -32772?
84383
In base 16, what is ae569 - 1b?
ae54e
In base 2, what is -110101001 + 101111110101111111000?
101111110101001001111
In base 3, what is -221020 + -1021121202?
-1022112222
In base 11, what is -143 - -27318?
27185
In base 5, what is -3003 + -23222?
-31230
In base 15, what is 48a - -1060?
14ea
In base 15, what is 14 - -3e58cc?
3e58e1
In base 3, what is -2002010012101 + -101?
-2002010012202
In base 8, what is 3066425641 + -1?
3066425640
In base 7, what is 13 - -115266245?
115266261
In base 10, what is 18224 + -9240?
8984
In base 3, what is 10101221022112 - -12?
10101221022201
In base 12, what is -8 + 85635a?
856352
In base 11, what is -8a3230 + 139?
-8a30a2
In base 3, what is 2002 + -222120220122?
-222120211120
In base 6, what is -1051343 - -223010?
-424333
In base 11, what is -8186 + -1042?
-9218
In base 4, what is -10013313300 - 12?
-10013313312
In base 13, what is -36510408 - 2?
-3651040a
In base 3, what is -10000010010 - 2000?
-10000012010
In base 14, what is -146b2 - 85b?
-1512d
In base 6, what is 4522420140 - -4?
4522420144
In base 12, what is 2b0a48 + 7b?
2b0b07
In base 16, what is -1c693 - 2d7?
-1c96a
In base 8, what is 4636 + 4605?
11443
In base 10, what is 1170288 + -185?
1170103
In base 6, what is 3101551 - 53?
3101454
In base 8, what is 265123427 - 3?
265123424
In base 2, what is 1100011111111011 + -100101?
1100011111010110
In base 3, what is -12 + 102002101010222?
102002101010210
In base 5, what is 10 - -243003111331?
243003111341
In base 7, what is 0 + -54000604?
-54000604
In base 16, what is 3e08 + 63?
3e6b
In base 6, what is 1 + -4102422343?
-4102422342
In base 7, what is -21261 + -210063?
-231354
In base 7, what is -11 - 61145124?
-61145135
In base 12, what is -49231 - -211?
-49020
In base 10, what is 36 - -9342512?
9342548
In base 9, what is 50276318 - 38?
50276270
In base 7, what is 5 + 13222303?
13222311
In base 16, what is -1 - -7d9fa3?
7d9fa2
In base 4, what is 1200 - 111103121?
-111101321
In base 4, what is -3100 + 302210300?
302201200
In base 14, what is -10a9c50 - 8d?
-10a9cdd
In base 11, what is -28 + 48503?
48486
In base 8, what is -43300171 - -16?
-43300153
In base 7, what is 2121 - -10060?
12211
In base 12, what is -9 - 232452?
-23245b
In base 13, what is 139377 - 52a?
138b4a
In base 16, what is 3e76c - e?
3e75e
In base 13, what is 17c9 + 30c3a?
32736
In base 2, what is -100101100100100110110111 - -100?
-100101100100100110110011
In base 16, what is -39fd5 + -10?
-39fe5
In base 9, what is -121 + -186754?
-186875
In base 5, what is 24231102 + -4?
24231043
In base 10, what is -51331 + 29?
-51302
In base 16, what is 55129 - 75?
550b4
In base 9, what is -745715 - 10?
-745725
In base 16, what is 40 + 12ca0?
12ce0
In base 16, what is -4 + -15e030?
-15e034
In base 4, what is 1333032301011 - -1?
1333032301012
In base 8, what is -4174667 - 122?
-4175011
In base 7, what is -2035500466 - 1?
-2035500500
In base 6, what is 2202311 - 351?
2201520
In base 6, what is 1153232 + -10420?
1142412
In base 8, what is -1 + -1602743300?
-1602743301
In base 9, what is -8 + -27153414?
-27153423
In base 14, what is -92c0b6 - 1b?
-92c0d3
In base 9, what is 68573800 - 1?
68573788
In base 13, what is -5 - 1399204?
-1399209
In base 3, what is 22220112111210010 - -10?
22220112111210020
In base 10, what is -3028 + 607?
-2421
In base 6, what is -2452151 + -44?
-2452235
In base 7, what is -4532 + 226?
-4303
In base 13, what is 77833 - -320?
77b53
In base 7, what is -5240500 - 162?
-5240662
In base 2, what is 11010100 + 1100011101010000101?
1100011101101011001
In base 15, what is 484192 + -6?
48418b
In base 11, what is -1a5 - 165566?
-165760
In base 7, what is 250336 - -1423?
252062
In base 4, what is -2 + 30222321222312?
30222321222310
In base 5, what is -1212024202003 - 3?
-1212024202011
In base 10, what is -522445 - 100?
-522545
In base 6, what is 211 + -142354011?
-142353400
In base 16, what is 2e32941 - 9?
2e32938
In base 6, what is -345 + -1035301?
-1040050
In base 12, what is -5 - -b7a54a?
b7a545
In base 12, what is -15222 + -8584?
-217a6
In base 10, what is -115757 + 9?
-115748
In base 11, what is -17 - 4408842?
-4408859
In base 13, what is cb22 - 336?
c7b9
In base 7, what is 16 + -14151304?
-14151255
In base 2, what is -100100010101111 + -10101000101?
-100110111110100
In base 5, what is -11104024 - -3422?
-11100102
In base 5, what is -343412 - -131?
-343231
In base 8, what is -14 - 60114273?
-60114307
In base 3, what is 112221220011 + 102112?
112222022200
In base 4, what is 3 - -132200132123?
132200132132
In base 11, what is -4a8008 + 3?
-4a8005
In base 2, what is 0 - -1011001100111011100111101?
1011001100111011100111101
In base 11, what is 161112 - -252?
161364
In base 13, what is 38 - -499a4?
49a0c
In base 10, what is 7989 - 57129?
-49140
In base 9, what is 4554112 - 77?
4554024
In base 7, what is 3 - -1051261366?
1051261402
In base 3, what is 200111202020202 + 1?
200111202020210
In base 9, what is -8358313 - 5?
-8358318
In base 4, what is -3331112323002 + 2?
-3331112323000
In base 11, what is -1 + -1901a20?
-1901a21
In base 8, what is 1406772260 + 1?
1406772261
In base 14, what is -2421 + -4447?
-6868
In base 7, what is -303 - 5250630?
-5251233
In base 9, what is 51110 + 6246?
57356
In base 7, what is 14141 + -130?
14011
In base 6, what is 135541 - 241?
135300
In base 16, what is -163db - -10?
-163cb
In base 8, what is -33135631 + 113?
-33135516
In base 9, what is 25230 - 12258?
12861
In base 2, what is -1001001000100000010100110100 - 100?
-1001001000100000010100111000
In base 11, what is -248405 - 12?
-248417
In base 14, what is -d2 - d1a?
-100c
In base 8, what is 4 + 16006111?
16006115
In base 4, what is 212312021003 + 111?
212312021120
In base 7, what is 6535 - -46531?
56366
In base 16, what is 3d3ff - -26d?
3d66c
In base 10, what is -1 + 38458393?
38458392
In base 3, what is -2 + 1202022022122201?
1202022022122122
In base 9, what is -88042 + 523?
-87418
In base 3, what is 20210101111 - 1001?
20210100110
In base 7, what is 1 - 203514526?
-203514525
In base 6, what is 15115113124 + 2?
15115113130
In base 6, what is -4534 - -314145?
305211
In base 13, what is -3 - -8a91bb1?
8a91bab
In base 16, what is 91 + -20ad?
-201c
In base 6, what is -15114 + 443042?
423524
In base 14, what is -1d0156 + -9?
-1d0161
In base 10, what is 45461563 + 28?
45461591
In base 7, what is 10 - -131160031?
131160041
In base 11, what is -1672 + 537a7?
52135
In base 12, what is -3795 - 9035?
-1080a
In base 7, what is 13121 + -2333450?
-2320326
In base 12, what is 155215a + -3?
1552157
In base 9, what is 124322 - -312?
124634
In base 15, what is -4e - 562d8?
-56337
In base 9, what is 320662 + -102?
320560
In base 6, what is 11452 + -534420?
-522524
In base 5, what is 1242 + -113040422?
-113034130
In base 13, what is -c27177c3 + -5?
-c27177c8
In base 13, what is 1324a - -2b2b?
16078
In base 11, what is -7 - 2436243?
-243624a
In base 5, what is -4 + 44120324300?
44120324241
In base 7, what is 46650211 - -1046?
46651260
In base 7, what is 2 - -3060532?
3060534
In base 8, what is -236114125 + -5?
-236114132
In base 16, what is -2 - 4729c?
-4729e
In base 8, what is 20607 + 106522?
127331
In base 9, what is 14 - -1724820?
1724834
In base 15, what is -14a460 - 34?
-14a494
In base 14, what is 0 + b937dbc?
b937dbc
In base 8, what is -213340504 - -5?
-213340477
In base 14, what is -a2a52 + 34?
-a2a1c
In base 14, what is 597209 + -153?
597096
In base 4, what is 11 - 231033213211?
-231033213200
In base 5, what is -203101032 - -3?
-203101024
In base 6, what is 21434211 + 152?
21434403
In base 9, what is 31 + -34131?
-34100
In base 3, what is -1012 + 2212010000022?
2212002222010
In base 9, what is -37560625 + -4?
-37560630
In base 6, what is 422331024 + -123?
422330501
In base 4, what is -2201032223002 - 0?
-2201032223002
In base 5, what is 4 - -132100040?
132100044
In base 4, what is -1120203 + -13113?
-1133322
In base 16, what is 82e8 + 39?
8321
In base 14, what is -310 + 1051?
b41
In base 14, what is 162b894 + -2?
162b892
In base 8, what is 43 - -624027?
624072
In base 6, what is -3 + 220513251?
220513244
In base 11, what is -35a2 + -22714a